{"id":7187,"date":"2022-09-28T16:19:22","date_gmt":"2022-09-28T16:19:22","guid":{"rendered":"https:\/\/s4agro.pt\/congresso\/?page_id=7187"},"modified":"2023-01-06T14:58:50","modified_gmt":"2023-01-06T14:58:50","slug":"sobre","status":"publish","type":"page","link":"https:\/\/s4agro.pt\/congresso\/sobre\/","title":{"rendered":"Sobre"},"content":{"rendered":"\t\t<div data-elementor-type=\"wp-page\" data-elementor-id=\"7187\" class=\"elementor elementor-7187\">\n\t\t\t\t\t\t<section class=\"elementor-section elementor-top-section elementor-element elementor-element-d1d4060 elementor-section-boxed elementor-section-height-default elementor-section-height-default\" data-id=\"d1d4060\" data-element_type=\"section\" data-e-type=\"section\">\n\t\t\t\t\t\t<div class=\"elementor-container elementor-column-gap-default\">\n\t\t\t\t\t<div class=\"elementor-column elementor-col-25 elementor-top-column elementor-element elementor-element-ef92efd\" data-id=\"ef92efd\" data-element_type=\"column\" data-e-type=\"column\">\n\t\t\t<div class=\"elementor-widget-wrap\">\n\t\t\t\t\t\t\t<\/div>\n\t\t<\/div>\n\t\t\t\t<div class=\"elementor-column elementor-col-50 elementor-top-column elementor-element elementor-element-3bdbf6d\" data-id=\"3bdbf6d\" data-element_type=\"column\" data-e-type=\"column\">\n\t\t\t<div class=\"elementor-widget-wrap elementor-element-populated\">\n\t\t\t\t\t\t<div class=\"elementor-element elementor-element-4f94153 elementor-widget elementor-widget-image\" data-id=\"4f94153\" data-element_type=\"widget\" data-e-type=\"widget\" data-widget_type=\"image.default\">\n\t\t\t\t<div class=\"elementor-widget-container\">\n\t\t\t\t\t\t\t\t\t\t\t\t\t\t\t<img decoding=\"async\" src=\"https:\/\/s4agro.pt\/congresso\/wp-content\/uploads\/sites\/6\/elementor\/thumbs\/logoBanner-pvh0xmt5ge9pf7oatj4azkvag77lbrbpi1cy27f25y.png\" title=\"logoBanner\" alt=\"logoBanner\" loading=\"lazy\" \/>\t\t\t\t\t\t\t\t\t\t\t\t\t\t\t<\/div>\n\t\t\t\t<\/div>\n\t\t\t\t\t<\/div>\n\t\t<\/div>\n\t\t\t\t<div class=\"elementor-column elementor-col-25 elementor-top-column elementor-element elementor-element-b2d3968\" data-id=\"b2d3968\" data-element_type=\"column\" data-e-type=\"column\">\n\t\t\t<div class=\"elementor-widget-wrap\">\n\t\t\t\t\t\t\t<\/div>\n\t\t<\/div>\n\t\t\t\t\t<\/div>\n\t\t<\/section>\n\t\t\t\t<section class=\"elementor-section elementor-top-section elementor-element elementor-element-749993b elementor-section-boxed elementor-section-height-default elementor-section-height-default\" data-id=\"749993b\" data-element_type=\"section\" data-e-type=\"section\">\n\t\t\t\t\t\t<div class=\"elementor-container elementor-column-gap-default\">\n\t\t\t\t\t<div class=\"elementor-column elementor-col-100 elementor-top-column elementor-element elementor-element-03b3cee\" data-id=\"03b3cee\" data-element_type=\"column\" data-e-type=\"column\">\n\t\t\t<div class=\"elementor-widget-wrap elementor-element-populated\">\n\t\t\t\t\t\t<div class=\"elementor-element elementor-element-f2f6462 elementor-widget elementor-widget-text-editor\" data-id=\"f2f6462\" data-element_type=\"widget\" data-e-type=\"widget\" data-widget_type=\"text-editor.default\">\n\t\t\t\t<div class=\"elementor-widget-container\">\n\t\t\t\t\t\t\t\t\t<p>O <strong>Congresso Internacional S4agro 2023<\/strong> \u00e9 um evento internacional t\u00e9cnico e cient\u00edfico, dedicado \u00e0s ci\u00eancias e tecnologias alimentar. Re\u00fane investigadores, cientistas, decisores pol\u00edticos, PME da fileira do setor agroindustrial, profissionais e estudantes de campos multidisciplinares relacionados com alimentos, de modo a compartilhar os \u00faltimos avan\u00e7os no conhecimento cient\u00edfico atual com relev\u00e2ncia industrial e novos desenvolvimentos da ci\u00eancia alimentar e tecnologias emergentes, dedicados \u00e0 sustentabilidade do sector agroindustrial.<\/p><p>O <strong>Congresso Internacional S4agro 2023<\/strong> visa discutir inova\u00e7\u00f5es, tecnologias, m\u00e9todos e procedimentos de engenharia em embalagens, perdas e desperd\u00edcio alimentar, economia circular, sustentabilidade e ciber-seguran\u00e7a aplicados \u00e0 agroind\u00fastria. S\u00e3o esperadas comunica\u00e7\u00f5es que abordem a nova combina\u00e7\u00e3o de mais de uma tecnologia, bem como estudos que abordem a inova\u00e7\u00e3o e os avan\u00e7os em todos os ramos dos t\u00f3picos do Congresso, tendo por objetivo mostrar \u00e0s PME do setor exemplos pr\u00e1ticos de utiliza\u00e7\u00e3o de embalagens inteligentes e\/ou ativas e sustent\u00e1veis, capacitar os agentes do setor para a utiliza\u00e7\u00e3o das embalagens inteligentes e\/ou ativas e sustent\u00e1veis, mostrar os novos materiais para as embalagens sustent\u00e1veis (recicl\u00e1veis e ou reutiliz\u00e1veis), o ECODESIGN de processos e produtos, e modelos de produ\u00e7\u00e3o mais eficientes.<\/p><p>O <strong>Congresso Internacional S4agro 2023<\/strong>\u00a0\u00e9 realizado no \u00e2mbito do <a href=\"https:\/\/s4agro.pt\/4solucoes\/\" target=\"_blank\" rel=\"noopener\">Projeto S4agro<\/a>, desenvolvido pela Universidade da Beira Interior, em parceria com a Universidade de \u00c9vora, o Instituto Polit\u00e9cnico de Coimbra, o Instituto Polit\u00e9cnico da Guarda, Instituto Polit\u00e9cnico de Leiria, e o Instituto Polit\u00e9cnico de Viana do Castelo e a InovCluster \u2013 Associa\u00e7\u00e3o do Cluster Agroindustrial do Centro, cofinanciado pelo Portugal2020 e pela Uni\u00e3o Europeia atrav\u00e9s do FEDER. Ver detalhes do projeto S4agro em <a href=\"http:\/\/www.s4agro.pt\/\">www.s4agro.pt<\/a>.<\/p><p>O S4AGRO tem como objetivo qualificar as PMEs do setor agroindustrial, nomeadamente das fileiras dos produtos c\u00e1rneos, hortofrut\u00edcolas, l\u00e1cteos e de padaria, para a ado\u00e7\u00e3o de solu\u00e7\u00f5es inovadoras e sustent\u00e1veis, que permitam aumentar a sua produtividade, efic\u00e1cia e efici\u00eancia ao n\u00edvel da ind\u00fastria 4.0 e economia circular.<\/p>\t\t\t\t\t\t\t\t<\/div>\n\t\t\t\t<\/div>\n\t\t\t\t<div class=\"elementor-element elementor-element-fb45c05 gallery-spacing-custom brand-logo-4 elementor-widget elementor-widget-image-gallery\" data-id=\"fb45c05\" data-element_type=\"widget\" data-e-type=\"widget\" data-widget_type=\"image-gallery.default\">\n\t\t\t\t<div class=\"elementor-widget-container\">\n\t\t\t\t\t\t\t<div class=\"elementor-image-gallery\">\n\t\t\t<div id='gallery-1' class='gallery galleryid-7187 gallery-columns-7 gallery-size-medium_large'><figure class='gallery-item'>\n\t\t\t<div class='gallery-icon landscape'>\n\t\t\t\t<img fetchpriority=\"high\" decoding=\"async\" width=\"501\" height=\"211\" src=\"https:\/\/s4agro.pt\/congresso\/wp-content\/uploads\/sites\/6\/2022\/09\/INOVCLUSTER-01.png\" class=\"attachment-medium_large size-medium_large\" alt=\"\" \/>\n\t\t\t<\/div><\/figure><figure class='gallery-item'>\n\t\t\t<div class='gallery-icon landscape'>\n\t\t\t\t<img decoding=\"async\" width=\"501\" height=\"212\" src=\"https:\/\/s4agro.pt\/congresso\/wp-content\/uploads\/sites\/6\/2022\/09\/IPVC-01.png\" class=\"attachment-medium_large size-medium_large\" alt=\"\" \/>\n\t\t\t<\/div><\/figure><figure class='gallery-item'>\n\t\t\t<div class='gallery-icon landscape'>\n\t\t\t\t<img decoding=\"async\" width=\"501\" height=\"211\" src=\"https:\/\/s4agro.pt\/congresso\/wp-content\/uploads\/sites\/6\/2022\/09\/PL-01.png\" class=\"attachment-medium_large size-medium_large\" alt=\"\" \/>\n\t\t\t<\/div><\/figure><figure class='gallery-item'>\n\t\t\t<div class='gallery-icon landscape'>\n\t\t\t\t<img loading=\"lazy\" decoding=\"async\" width=\"501\" height=\"212\" src=\"https:\/\/s4agro.pt\/congresso\/wp-content\/uploads\/sites\/6\/2022\/09\/IPG-01.png\" class=\"attachment-medium_large size-medium_large\" alt=\"\" \/>\n\t\t\t<\/div><\/figure><figure class='gallery-item'>\n\t\t\t<div class='gallery-icon landscape'>\n\t\t\t\t<img loading=\"lazy\" decoding=\"async\" width=\"501\" height=\"211\" src=\"https:\/\/s4agro.pt\/congresso\/wp-content\/uploads\/sites\/6\/2022\/09\/NI2A-01.png\" class=\"attachment-medium_large size-medium_large\" alt=\"\" \/>\n\t\t\t<\/div><\/figure><figure class='gallery-item'>\n\t\t\t<div class='gallery-icon landscape'>\n\t\t\t\t<img loading=\"lazy\" decoding=\"async\" width=\"501\" height=\"212\" src=\"https:\/\/s4agro.pt\/congresso\/wp-content\/uploads\/sites\/6\/2022\/09\/UE-01.png\" class=\"attachment-medium_large size-medium_large\" alt=\"\" \/>\n\t\t\t<\/div><\/figure><figure class='gallery-item'>\n\t\t\t<div class='gallery-icon landscape'>\n\t\t\t\t<img loading=\"lazy\" decoding=\"async\" width=\"501\" height=\"398\" src=\"https:\/\/s4agro.pt\/congresso\/wp-content\/uploads\/sites\/6\/2022\/09\/UBI-12-12.png\" class=\"attachment-medium_large size-medium_large\" alt=\"\" \/>\n\t\t\t<\/div><\/figure>\n\t\t<\/div>\n\t\t<\/div>\n\t\t\t\t\t\t<\/div>\n\t\t\t\t<\/div>\n\t\t\t\t\t<\/div>\n\t\t<\/div>\n\t\t\t\t\t<\/div>\n\t\t<\/section>\n\t\t\t\t<section class=\"elementor-section elementor-top-section elementor-element elementor-element-98b9a5b elementor-section-boxed elementor-section-height-default elementor-section-height-default\" data-id=\"98b9a5b\" data-element_type=\"section\" data-e-type=\"section\">\n\t\t\t\t\t\t<div class=\"elementor-container elementor-column-gap-default\">\n\t\t\t\t\t<div class=\"elementor-column elementor-col-50 elementor-top-column elementor-element elementor-element-c2b246f\" data-id=\"c2b246f\" data-element_type=\"column\" data-e-type=\"column\">\n\t\t\t<div class=\"elementor-widget-wrap elementor-element-populated\">\n\t\t\t\t\t\t<div class=\"elementor-element elementor-element-769e7fc elementor-widget elementor-widget-text-editor\" data-id=\"769e7fc\" data-element_type=\"widget\" data-e-type=\"widget\" data-widget_type=\"text-editor.default\">\n\t\t\t\t<div class=\"elementor-widget-container\">\n\t\t\t\t\t\t\t\t\t<h4 style=\"color: #3f9191;\"><b>T\u00f3picos<\/b><\/h4>\n<ul>\n \t<li>Sustentabilidade<\/li>\n \t<li>Tecnologias novas e emergentes<\/li>\n \t<li>Embalagem<\/li>\n \t<li>Log\u00edstica<\/li>\n \t<li>Perda alimentar e redu\u00e7\u00e3o e valoriza\u00e7\u00e3o de res\u00edduos<\/li>\n \t<li>Economia Circular<\/li>\n \t<li>Ciber-seguran\u00e7a<\/li>\n \t<li>Efici\u00eancia energ\u00e9tica<\/li>\n \t<li>Tecnologias de Informa\u00e7\u00e3o e Comunica\u00e7\u00e3o<\/li>\n \t<li>Seguran\u00e7a alimentar<\/li>\n \t<li>Empreendedorismo<\/li>\n \t<li>Transfer\u00eancia de conhecimento, saberes e qualifica\u00e7\u00f5es<\/li>\n<\/ul>\t\t\t\t\t\t\t\t<\/div>\n\t\t\t\t<\/div>\n\t\t\t\t\t<\/div>\n\t\t<\/div>\n\t\t\t\t<div class=\"elementor-column elementor-col-50 elementor-top-column elementor-element elementor-element-2eeb7e3\" data-id=\"2eeb7e3\" data-element_type=\"column\" data-e-type=\"column\">\n\t\t\t<div class=\"elementor-widget-wrap elementor-element-populated\">\n\t\t\t\t\t\t<div class=\"elementor-element elementor-element-a43f5a8 elementor-widget elementor-widget-text-editor\" data-id=\"a43f5a8\" data-element_type=\"widget\" data-e-type=\"widget\" data-widget_type=\"text-editor.default\">\n\t\t\t\t<div class=\"elementor-widget-container\">\n\t\t\t\t\t\t\t\t\t<h4 style=\"color: #3F9191\"><strong>Outras caracter\u00edsticas no planeamento<\/strong><\/h4>\n<ul>\n \t<li>Workshops t\u00e9cnicos sobre ferramentas computacionais desenvolvidos no projecto S4agro.<\/li>\n \t<li>Apresenta\u00e7\u00f5es internacionais convidadas sobre o estado actual da ind\u00fastria de processamento alimentar e futuras dire\u00e7\u00f5es de tecnologias de sistemas.<\/li>\n \t<li>Sess\u00e3o de posters para promover a participa\u00e7\u00e3o dos estudantes.<\/li>\n \t<li>Eventos sociais para promover novos contactos.<\/li>\n<\/ul>\t\t\t\t\t\t\t\t<\/div>\n\t\t\t\t<\/div>\n\t\t\t\t<div class=\"elementor-element elementor-element-6a13949 elementor-widget elementor-widget-image\" data-id=\"6a13949\" data-element_type=\"widget\" data-e-type=\"widget\" data-widget_type=\"image.default\">\n\t\t\t\t<div class=\"elementor-widget-container\">\n\t\t\t\t\t\t\t\t\t\t\t\t\t\t\t<img loading=\"lazy\" decoding=\"async\" width=\"977\" height=\"150\" src=\"https:\/\/s4agro.pt\/congresso\/wp-content\/uploads\/sites\/6\/2022\/09\/portugal2020.png\" class=\"attachment-large size-large wp-image-6935\" alt=\"\" srcset=\"https:\/\/s4agro.pt\/congresso\/wp-content\/uploads\/sites\/6\/2022\/09\/portugal2020.png 977w, https:\/\/s4agro.pt\/congresso\/wp-content\/uploads\/sites\/6\/2022\/09\/portugal2020-700x107.png 700w, https:\/\/s4agro.pt\/congresso\/wp-content\/uploads\/sites\/6\/2022\/09\/portugal2020-768x118.png 768w, https:\/\/s4agro.pt\/congresso\/wp-content\/uploads\/sites\/6\/2022\/09\/portugal2020-600x92.png 600w\" sizes=\"(max-width: 977px) 100vw, 977px\" \/>\t\t\t\t\t\t\t\t\t\t\t\t\t\t\t<\/div>\n\t\t\t\t<\/div>\n\t\t\t\t\t<\/div>\n\t\t<\/div>\n\t\t\t\t\t<\/div>\n\t\t<\/section>\n\t\t\t\t<section class=\"elementor-section elementor-top-section elementor-element elementor-element-96d378c elementor-section-boxed elementor-section-height-default elementor-section-height-default\" data-id=\"96d378c\" data-element_type=\"section\" data-e-type=\"section\">\n\t\t\t\t\t\t<div class=\"elementor-container elementor-column-gap-default\">\n\t\t\t\t\t<div class=\"elementor-column elementor-col-100 elementor-top-column elementor-element elementor-element-533bdd1\" data-id=\"533bdd1\" data-element_type=\"column\" data-e-type=\"column\">\n\t\t\t<div class=\"elementor-widget-wrap elementor-element-populated\">\n\t\t\t\t\t\t<div class=\"elementor-element elementor-element-c66c3e7 elementor-align-center elementor-widget elementor-widget-button\" data-id=\"c66c3e7\" data-element_type=\"widget\" data-e-type=\"widget\" data-widget_type=\"button.default\">\n\t\t\t\t<div class=\"elementor-widget-container\">\n\t\t\t\t\t\t\t\t\t<div class=\"elementor-button-wrapper\">\n\t\t\t\t\t<a class=\"elementor-button elementor-button-link elementor-size-md\" href=\"https:\/\/s4agro.pt\/congresso\/instituicoes-organizadoras\/\">\n\t\t\t\t\t\t<span class=\"elementor-button-content-wrapper\">\n\t\t\t\t\t\t\t\t\t<span class=\"elementor-button-text\">Institui\u00e7\u00f5es Organizadoras  &gt;&gt;&gt;<\/span>\n\t\t\t\t\t<\/span>\n\t\t\t\t\t<\/a>\n\t\t\t\t<\/div>\n\t\t\t\t\t\t\t\t<\/div>\n\t\t\t\t<\/div>\n\t\t\t\t\t<\/div>\n\t\t<\/div>\n\t\t\t\t\t<\/div>\n\t\t<\/section>\n\t\t\t\t<section class=\"elementor-section elementor-top-section elementor-element elementor-element-6e37f0f0 elementor-section-full_width elementor-section-height-default elementor-section-height-default\" data-id=\"6e37f0f0\" data-element_type=\"section\" data-e-type=\"section\" data-settings=\"{&quot;background_background&quot;:&quot;classic&quot;,&quot;sticky&quot;:&quot;bottom&quot;,&quot;sticky_on&quot;:[&quot;desktop&quot;,&quot;tablet&quot;,&quot;mobile&quot;],&quot;sticky_offset&quot;:0,&quot;sticky_effects_offset&quot;:0}\">\n\t\t\t\t\t\t<div class=\"elementor-container elementor-column-gap-default\">\n\t\t\t\t\t<div class=\"elementor-column elementor-col-100 elementor-top-column elementor-element elementor-element-6a13aeb1\" data-id=\"6a13aeb1\" data-element_type=\"column\" data-e-type=\"column\">\n\t\t\t<div class=\"elementor-widget-wrap elementor-element-populated\">\n\t\t\t\t\t\t<div class=\"elementor-element elementor-element-2ec36ba9 elementor-widget elementor-widget-image\" data-id=\"2ec36ba9\" data-element_type=\"widget\" data-e-type=\"widget\" data-widget_type=\"image.default\">\n\t\t\t\t<div class=\"elementor-widget-container\">\n\t\t\t\t\t\t\t\t\t\t\t\t\t\t\t<img decoding=\"async\" src=\"https:\/\/s4agro.pt\/congresso\/wp-content\/uploads\/sites\/6\/elementor\/thumbs\/BARRA-COMPLETA-q1kuwqlf3tsb3qxd9hvrn3wm2mn3b4bqfbwqnmgawa.png\" title=\"BARRA COMPLETA\" alt=\"BARRA COMPLETA\" loading=\"lazy\" \/>\t\t\t\t\t\t\t\t\t\t\t\t\t\t\t<\/div>\n\t\t\t\t<\/div>\n\t\t\t\t\t<\/div>\n\t\t<\/div>\n\t\t\t\t\t<\/div>\n\t\t<\/section>\n\t\t\t\t<\/div>\n\t\t","protected":false},"excerpt":{"rendered":"<p>O Congresso Internacional S4agro 2023 \u00e9 um evento internacional t\u00e9cnico e cient\u00edfico, dedicado \u00e0s ci\u00eancias e tecnologias alimentar. Re\u00fane investigadores, cientistas, decisores pol\u00edticos, PME da fileira do setor agroindustrial, profissionais e estudantes de campos multidisciplinares relacionados com alimentos, de modo a compartilhar os \u00faltimos avan\u00e7os no conhecimento cient\u00edfico atual com relev\u00e2ncia industrial e novos desenvolvimentos&#8230;<\/p>\n","protected":false},"author":1,"featured_media":0,"parent":0,"menu_order":0,"comment_status":"closed","ping_status":"closed","template":"elementor_header_footer","meta":{"footnotes":""},"class_list":["post-7187","page","type-page","status-publish","hentry"],"aioseo_notices":[],"_links":{"self":[{"href":"https:\/\/s4agro.pt\/congresso\/wp-json\/wp\/v2\/pages\/7187","targetHints":{"allow":["GET"]}}],"collection":[{"href":"https:\/\/s4agro.pt\/congresso\/wp-json\/wp\/v2\/pages"}],"about":[{"href":"https:\/\/s4agro.pt\/congresso\/wp-json\/wp\/v2\/types\/page"}],"author":[{"embeddable":true,"href":"https:\/\/s4agro.pt\/congresso\/wp-json\/wp\/v2\/users\/1"}],"replies":[{"embeddable":true,"href":"https:\/\/s4agro.pt\/congresso\/wp-json\/wp\/v2\/comments?post=7187"}],"version-history":[{"count":31,"href":"https:\/\/s4agro.pt\/congresso\/wp-json\/wp\/v2\/pages\/7187\/revisions"}],"predecessor-version":[{"id":8313,"href":"https:\/\/s4agro.pt\/congresso\/wp-json\/wp\/v2\/pages\/7187\/revisions\/8313"}],"wp:attachment":[{"href":"https:\/\/s4agro.pt\/congresso\/wp-json\/wp\/v2\/media?parent=7187"}],"curies":[{"name":"wp","href":"https:\/\/api.w.org\/{rel}","templated":true}]}}